{"id":191,"date":"2017-01-21T23:40:53","date_gmt":"2017-01-21T22:40:53","guid":{"rendered":"http:\/\/wordpress.ruppiner-rsg.de\/?page_id=191"},"modified":"2017-01-28T00:27:46","modified_gmt":"2017-01-27T23:27:46","slug":"5-fontane-rallye-2002","status":"publish","type":"page","link":"http:\/\/www.ruppiner-rsg.de\/?page_id=191","title":{"rendered":"5.Fontane Rallye 2002"},"content":{"rendered":"<p>&nbsp;<\/p>\n<table style=\"width: 619px;\" border=\"0\">\n<tbody>\n<tr>\n<td style=\"border: 1px solid #000000;\"><strong>Downloads<\/strong><\/td>\n<td style=\"border: 1px solid #000000;\" colspan=\"2\"><a href=\"http:\/\/www.motor-sport-as.de\/ru02teil.htm\" target=\"_blank\"><strong>S<\/strong>tarterliste 5. ADAC Fontane Rallye 2002<\/a><\/td>\n<\/tr>\n<tr>\n<td style=\"border: 1px solid #000000;\"><\/td>\n<td style=\"border: 1px solid #000000;\" colspan=\"2\"><a href=\"http:\/\/www.ruppiner-rennsportgemeinschaft.de\/Unterlagen\/Historie\/ergebnisse_fontane2002.pdf\" target=\"_blank\"><strong>E<\/strong>rgebnisse<\/a> <span style=\"font-size: xx-small;\">\u00a0<\/span><\/td>\n<\/tr>\n<tr>\n<td style=\"border: 1px solid #000000;\"><\/td>\n<td style=\"border: 1px solid #000000;\" colspan=\"2\"><a href=\"http:\/\/www.ruppiner-rennsportgemeinschaft.de\/Unterlagen\/Historie\/2002_Ergebnis_Gesamt.pdf\" target=\"_blank\"><strong><strong style=\"text-align: -webkit-auto;\">Ergebnisse (Gesamt)<\/strong><\/strong><\/a><\/td>\n<\/tr>\n<tr>\n<td style=\"border: 1px solid #000000;\"><\/td>\n<td style=\"border: 1px solid #000000;\" colspan=\"2\"><strong><strong style=\"text-align: -webkit-auto;\"><strong><strong><a href=\"http:\/\/www.ruppiner-rennsportgemeinschaft.de\/Unterlagen\/Historie\/2002_Ergebnis_Klassen.pdf\" target=\"_blank\">Ergebnisse (Klassen)<\/a><\/strong><\/strong><\/strong><\/strong><\/td>\n<\/tr>\n<tr>\n<td style=\"border: 1px solid #000000;\"><\/td>\n<td style=\"border: 1px solid #000000;\" colspan=\"2\"><strong><strong style=\"text-align: -webkit-auto;\"><strong><strong><strong style=\"font-family: Verdana, Arial, Helvetica, sans-serif; text-align: -webkit-auto;\"><strong><a href=\"http:\/\/www.ruppiner-rennsportgemeinschaft.de\/Unterlagen\/Historie\/2002_Ergebnis_Mannschaft.pdf\" target=\"_blank\">Ergebnisse (Mannschaft)<\/a><\/strong><\/strong><\/strong><\/strong><\/strong><\/strong><\/td>\n<\/tr>\n<tr>\n<td style=\"border: 1px solid #000000;\"><\/td>\n<td style=\"border: 1px solid #000000;\" colspan=\"2\"><a href=\"http:\/\/www.ruppiner-rennsportgemeinschaft.de\/Unterlagen\/Historie\/2002_PI2.doc.pdf\" target=\"_blank\"><strong>Zeitplan<\/strong><\/a><\/td>\n<\/tr>\n<tr>\n<td style=\"border: 1px solid #000000;\"><\/td>\n<td style=\"border: 1px solid #000000;\" colspan=\"2\"><a href=\"http:\/\/www.ruppiner-rennsportgemeinschaft.de\/Unterlagen\/Historie\/2002_Ausschreibung_Text.pdf\" target=\"_blank\"><strong>Ausschreibung<\/strong><\/a><\/td>\n<\/tr>\n<tr>\n<td style=\"border: 1px solid #000000;\"><\/td>\n<td style=\"border: 1px solid #000000;\" colspan=\"2\"><strong><strong style=\"font-family: Verdana, Arial, Helvetica, sans-serif; text-align: -webkit-auto;\"><strong><strong><strong><a href=\"http:\/\/www.ruppiner-rennsportgemeinschaft.de\/Unterlagen\/Historie\/2002_Programmheft.pdf\" target=\"_blank\">Programmheft<\/a><\/strong><\/strong><\/strong><\/strong><\/strong><\/td>\n<\/tr>\n<tr>\n<td style=\"border: 1px solid #000000;\"><\/td>\n<td style=\"border: 1px solid #000000;\" colspan=\"2\"><a href=\"https:\/\/www.youtube.com\/watch?v=Kd6UkXeibpg\"><strong><strong style=\"font-family: Verdana, Arial, Helvetica, sans-serif; text-align: -webkit-auto;\"><strong><strong><strong>Video<\/strong><\/strong><\/strong><\/strong><\/strong><\/a><\/td>\n<\/tr>\n<\/tbody>\n<\/table>\n<p>&nbsp;<\/p>\n<table border=\"0\">\n<tbody>\n<tr>\n<td style=\"background-color: #ffffff; border: 1px solid #ffffff;\"><img loading=\"lazy\" decoding=\"async\" class=\" size-full wp-image-81\" src=\"http:\/\/wordpress.ruppiner-rennsportgemeinschaft.de\/wp-content\/uploads\/2010\/02\/Kein_Bild.jpg\" alt=\"Kein_Bild\" width=\"100\" height=\"95\" border=\"0\" \/><\/td>\n<td style=\"background-color: #ffffff; border: 1px solid #ffffff;\"><span style=\"font-size: 10pt;\"><span style=\"font-family: arial,helvetica,sans-serif;\"><span style=\"font-size: 8pt;\"><strong><span style=\"font-size: 10pt;\">Ehrentafel ( Sieger 2002 )<\/span><\/strong><\/span><\/span><\/span><\/p>\n<p><span style=\"font-size: 12pt;\"><span style=\"font-family: arial,helvetica,sans-serif;\"><em>1. <\/em><\/span><em>Wolgang Meierholz \/ Uwe Lehmann &#8211; <\/em><em>Mitsubishi<\/em><\/span><\/p>\n<p><span style=\"font-family: arial,helvetica,sans-serif;\"><span style=\"font-size: 8pt;\"><span style=\"font-size: 10pt;\"><em>2. <\/em><\/span><\/span><\/span><em>Dirk Richter \/ Daniel Tietze<\/em><span style=\"font-family: arial,helvetica,sans-serif;\"><span style=\"font-size: 8pt;\"><span style=\"font-size: 10pt;\"><em> &#8211; <\/em><\/span><\/span><\/span><em>Ford<\/em><\/p>\n<p><span style=\"font-size: 10pt;\"><span style=\"font-family: arial,helvetica,sans-serif;\"><span style=\"font-size: 8pt;\"><span style=\"font-size: 10pt;\"><em>3. Ralf Reimann \/ Steve Herrmann &#8211; Subaru<\/em><br \/>\n<\/span><\/span><\/span><\/span><\/p>\n<p><span style=\"font-size: 10pt;\"><span style=\"font-family: arial,helvetica,sans-serif;\"><span style=\"font-size: 8pt;\"><span style=\"font-size: 10pt;\">\u00a0\u00a0\u00a0<\/span>\u00a0\u00a0<\/span><\/span><\/span><\/td>\n<\/tr>\n<\/tbody>\n<\/table>\n<p><a href=\"http:\/\/wordpress.ruppiner-rsg.de\/wp-content\/uploads\/2017\/01\/ruppin02.jpg\"><img loading=\"lazy\" decoding=\"async\" class=\"alignnone size-full wp-image-180\" src=\"http:\/\/wordpress.ruppiner-rsg.de\/wp-content\/uploads\/2017\/01\/ruppin02.jpg\" alt=\"\" width=\"296\" height=\"400\" srcset=\"http:\/\/www.ruppiner-rsg.de\/wp-content\/uploads\/2017\/01\/ruppin02.jpg 296w, http:\/\/www.ruppiner-rsg.de\/wp-content\/uploads\/2017\/01\/ruppin02-222x300.jpg 222w\" sizes=\"(max-width: 296px) 100vw, 296px\" \/><\/a><\/p>\n<p align=\"center\"><strong>\u00a0<\/strong><\/p>\n<p align=\"center\"><strong><strong><strong><strong><strong><strong>Fontane-Sieg f\u00fcr Wolfgang Meierholz<\/strong><\/strong><\/strong><\/strong><\/strong><\/strong><\/p>\n<p>&nbsp;<\/p>\n<p align=\"JUSTIFY\">Nach dem turbulenten Auftakt mitten in Neuruppin \u00fcbernahmen die Favoriten bei der ADAC-Fontane-Rallye das Kommando, als es im Ruppiner Umland auf die harten Sand- und Schotterpisten ging. Vorjahressieger Frank Richert zeigte trotz seines Beinbruchs mit einer Bestzeit in der St\u00f6ffin-Pr\u00fcfung sein K\u00f6nnen, musste aber seinen Ford Escort Cosworth nach der dritten Pr\u00fcfung abstellen, weil er mit dem Heck an einem Baum angeschlagen hatte. Daraufhin \u00fcbernahm sein Clubkamerad Wolfgang Meierholz die F\u00fchrung &#8211; beide geh\u00f6ren dem Veranstalter-Club an, der Ruppiner Rennsportgemeinschaft. Der Dresdener Dirk Richter, Schnellster auf den Betonplatten-wegen von Herzberg nach R\u00fcthnick, und Ralf Reimann aus Zerbst blieben allerdings bis zur Pause in Schlagdistanz.<\/p>\n<p>&nbsp;<\/p>\n<p align=\"JUSTIFY\">Das strahlende Sommerwetter schlug am Nachmittag heftig um. W\u00e4hrend die meisten Teams in R\u00fcthnick an der Schrotm\u00fchle in guter Stimmung die Halbzeitpause genossen, \u00f6ffnete der Himmel alle Schleusen und jagte Fahrer und Fans ins Innere der ehemaligen Lagerscheune, in der sonst Musik- und Dorffeste stattfinden.<\/p>\n<p>&nbsp;<\/p>\n<p align=\"JUSTIFY\">Die zweite Runde um Neuruppin forderte den Fahrern alles ab. Der Regen hatte die Asphaltwege in pf\u00fctzen\u00fcbers\u00e4te Rutschbahnen verwandelt, die Sandwege vom Vormittag zeigten sich am Nachmittag stellenweise als Schlammpisten. Die Pr\u00fcfung bei Wulkow musste sogar abgebrochen werden, nachdem sich ein Team im Schlamm festgefahren und die Strecke blockiert hatte.<\/p>\n<p>&nbsp;<\/p>\n<p align=\"JUSTIFY\">Der Routinier Wolfgang Meierholz, ein 52-j\u00e4hriger Heizungsbau-Ingenieur aus Wittenberge, und sein Copilot Uwe Lehmann aus Sachsen behaupteten die F\u00fchrung und bauten sie noch aus. Im Ziel hatten sie einen Vorsprung von \u00fcber 41 Sekunden auf die Verfolger Dirk Richter und Daniel Tietze aus Dresden im Ford Escort Cosworth, weitere 17 Sekunden zur\u00fcck landeten die Zerbster Ralf Reimann und Steve Herrmann (Subaru Impreza) auf dem dritten Rang.<\/p>\n<p>&nbsp;<\/p>\n<p align=\"JUSTIFY\">Mit einem sensationellen vierten Platz sorgten Jochen Walther und Peter Poslednik f\u00fcr ein hervorragendes Resultat f\u00fcr den neuen Volvo-Original-Cup. Walther, der diese Serie nach schwedischem Vorbild nach Deutschland importiert hat, wuchtete den langen und schweren Volvo 744 ohne Allrad und ohne Turbo-Power \u00fcber die rutschigen Pisten. Der Landwirt aus Hohen Luckow bei Rostock gl\u00e4nzte mit der schnellsten Zeit auf der Wulkow-Pr\u00fcfung, der h\u00e4rtesten der gesamten Rallye.<\/p>\n<p>&nbsp;<\/p>\n<p align=\"JUSTIFY\">Eine ebenso grandiose Leistung zeigte Uwe Joachim. Der junge Installateur aus Wittenberg pr\u00fcgelte seinen Opel Kadett mit nur 1300 cm\u00b3 und rund 120 PS gnadenlos \u00fcber die Pisten und schlug seinen Klassenkonkurrenten Carsten Wiegand im Nissan Micra knapp. Beide &#8222;Kleinwagen&#8220; lie\u00dfen alle hubraum- und PS-st\u00e4rkeren Fronttriebler hinter sich, darunter den Rallye-Challenge-Gewinner Klaus Teichmann, der sich mit dem Sieg in der 2-Liter-Klasse tr\u00f6sten konnte.<\/p>\n<p>&nbsp;<\/p>\n<p>Kein Gl\u00fcck hatten die Neuruppiner Lokalmatadoren mit ihren gr\u00fcnen Rennpappen: Sowohl Jan Gantikow als auch Marek Zahn mussten wegen technischer Defekten an ihren Trabant vorzeitig die Segel streichen. Martin und Danilo Christ entschieden die Trabi-Wertung somit \u00fcberlegen zu ihren Gunsten. Bei der Siegerehrung in der Neuruppiner OSZ-Aula erhielten J\u00f6rg Litfin und seine Helfer von der Ruppiner RSG starken Beifall f\u00fcr die engagierte Organisation der 5. ADAC-Fontane-Rallye.<\/p>\n<p>Vollst\u00e4ndige Ergebnisse unter www.rallye-pokal.de oder unter www.ruppiner-rsg.de im Internet.<\/p>\n<p>Weitere Informationen \u00fcber Alfred Gorny, Telefon 0171 &#8211; 472 48 32.<\/p>\n<p><strong><strong><strong><strong><strong><strong>Toller Auftakt auf dem Stadtrundkurs Neuruppin<\/strong><\/strong><\/strong><\/strong><\/strong><\/strong><\/p>\n<p>&nbsp;<\/p>\n<p align=\"JUSTIFY\">Strahlender Sonnenschein, eine gro\u00dfe Zahl begeisterter Zuschauer und jede Menge &#8222;Action&#8220; &#8211; so erlebten rund 3000 Zuschauer in Neuruppin die erste von sieben Wertungspr\u00fcfungen rund um die Pfarrkirche mitten in der Neuruppiner Innenstadt.<\/p>\n<p align=\"JUSTIFY\">An der Spitze des Feldes fuhren die allradgetriebenen Favoriten mit ihren fast 300 PS starken Rallye-Boliden. &#8222;Es war jede Menge Staub und Dreck auf dem Pflaster, ich habe fast nur quer gestanden,&#8220; berichtete Ralf Reimann aus Zerbst. &#8222;Aber es unheimlich Spa\u00df gemacht!&#8220; Auch die Zuschauer hatten ihr Vergn\u00fcgen an den Drifts. Aber wer quer f\u00e4hrt, ist nicht optiml schnell &#8211; diese Rallyefahrer-Weisheit bewahrheitete sich beim Blick auf die Stoppuhren. Denn die Zeiten der Favoriten wurden im Verlauf der Wertungspr\u00fcfung von den Nachfolgenden unterboten.<\/p>\n<p align=\"JUSTIFY\">Der Staub wurde auf der Ideallinie weggewirbelt, der Pflastergrund wurde von Viertelstunde zu Viertelstunde griffiger. Mit Startnummer 39 erwischte der Th\u00fcringer Landwirt Torsten Binder sehr gute Bedingungen; mit seinem 190 PS starken Honda Civic tobte er sehr schnell um den Kurs, erwischte die Strohballenschikanen optimal und verbesserte die bis dahin schnellste Zeit von Wolfgang Meierholz um eine Zehntelsekunde. Damit geh\u00f6rte ihm die Bestzeit und die vorl\u00e4ufige Spitze bei der f\u00fcnften Ausgabe der ADAC-Fontane-Rallye.<\/p>\n<p align=\"JUSTIFY\">Hervorragende Zeiten auch die nur 1300 cm\u00b3 gro\u00dfen Nissan Micra, mit zehn Teams ein starker Markenpokal. Der routinierte Carsten Wiegand, aktueller Spitzenreiter im Nissan Micra Cup, setzte sich sofort gegen die Konkurrenten durch und schaffte mit nur 115 PS die insgesamt drittschnellste Zeit auf dem Rundkurs. Seinem h\u00e4rtesten Widersacher wurden die Bordsteine des Stadtrundkurses zum Verh\u00e4ngnis. Ronny Teichmann, der Cup-Sieger von 1999, prallte vor dem alten Landratsamt gegen den hohen Bordstein, ri\u00df das rechte Vorderrad ab und blieb in der Schikane liegen.<\/p>\n<p align=\"JUSTIFY\">Zum Abschluss des Feldes sorgten die 18 Zweitakt-Trabant f\u00fcr Sound und Furore. An der Spitze jagten sich der L\u00fcneburger Aufsteiger Martin Christ und der Linower Lokalmatador Jan Gantikow, im vergangenen Jahr bester Trabi-Fahrer Deutschlands, im direkten Duell auf der letzten Rille um den Rundkurs. Nach knapp f\u00fcnf Runden blieben die Stoppuhren mit nur zwei Zehntelsekunden Abstand stehen, Martin Christ hatte die Trabi-Schnauze ganz knapp vor. Sensationell die Gesamtplatzierungen der beiden 60 PS starken Trabis: Christ schaffte Platz 4, Gantikow Platz 6 &#8211; mit Vorjahressieger Frank Richert im Ford Escort Cosworth dazwischen auf Platz 5!<\/p>\n<p align=\"JUSTIFY\">Nach Beendigung des Stadtrundkurses str\u00f6mten die Zuschauer zu den sechs Wertungspr\u00fcfungen \u00fcber asphaltierte und sandige Wirtschaftswege ins Ruppiner Umland<\/p>\n<p align=\"JUSTIFY\"><strong><strong><strong><strong><strong><strong>Rekordfeld bei der Fontane-Rallye<\/strong><\/strong><\/strong><\/strong><\/strong><\/strong><\/p>\n<p align=\"JUSTIFY\">Rallyeleiter J\u00f6rg Litfin aus Neuruppin strahlt: &#8222;106 Anmeldungen haben wir f\u00fcr unsere Fontane-Rallye erhalten. Damit setzt sich unser Aufw\u00e4rtstrend fort. Seit der ersten Fontane-Rallye im Jahr 1998 hat sich die Teilnehmerzahl st\u00e4ndig erh\u00f6ht.&#8220; Vor drei Monaten sah Litfins Miene deutlich weniger zufrieden aus: &#8222;Die Strecken bei Linow, den den Charakter unserer Fontane-Rallye gepr\u00e4gt haben, wurden wegen neuer Naturschutzprojekte nicht genehmigt. Wir haben mit allen Beh\u00f6rden offene Gespr\u00e4che gef\u00fchrt; dabei sind zwei neue Pr\u00fcfungen bei St\u00f6ffin und bei Herzberg gefunden worden,&#8220; erkl\u00e4rt J\u00f6rg Litfin, der auch Vorsitzender der Ruppiner Rennsportgemeinschaft ist, die die ADAC-Fontane-Rallye organisiert. Mit der neuen Pr\u00fcfung zwischen Herzberg und R\u00fcthnick verlagert sich die Halbzeitpause von Linow nach R\u00fcthnick (Samstag ab 13.45 Uhr).<\/p>\n<p align=\"JUSTIFY\">W\u00e4hrend die sportliche Entscheidung auf den drei verschiedenen Pr\u00fcfung im Landkreis Ostprignitz-Ruppin, die je zweimal zu absolvieren sind, fallen wird, konzentriert sich das Interesse der Zuschauer auf den Stadtrundkurs in der Neuruppiner Innenstadt. &#8222;Am Samstagmorgen werden wir mit dem Aufbau der Strecke beginnen,&#8220; berichtet Organisationsleiter Thomas K\u00fccken. Zahlreiche Container und einige hundert Meter Bauzaun sorgen f\u00fcr die Sicherheit der Teilnehmer und der Zuschauer. Ab 12.00 Uhr werden dann die Teams f\u00fcnf Runden um die Pfarrnkirche drehen. Da immer drei bis vier Fahrzeuge auf dem 800-Meter-Kurs gleichzeitig fahren, kommt es immer wieder zu spannenden Rad-an-Rad-K\u00e4mpfen. &#8222;Der Neuruppiner Stadtkurs ist einmalig in Deutschland,&#8220; erkl\u00e4rt Klaus Portsch, der Observer des Deutschen Motor Sport Bundes, &#8222;vor allem bei N\u00e4sse oder Regen fordert das Pflaster h\u00f6chste Konzentration von den Rallyefahrern.&#8220; Der Busbahnhof wird ab 9.00 Uhr verlegt. &#8222;Eine Stunde nach dem letzten Teilnehmer wollen wir alles abgebaut haben und die Stra\u00dfen wieder frei geben,&#8220; k\u00fcndigt Thomas K\u00fccken an.<\/p>\n<p align=\"JUSTIFY\">Die ADAC-Fontane-Rallye z\u00e4hlt \u2013 wie schon 2001 \u2013 zum DMSB-Rallye-Pokal, zum ostdeutschen ADMV-Pneumant-Pokal, der wichtigsten deutschen Regionalmeisterschaft, und weiteren regionalen Rallye-Serien. Spannenden Sport versprechen die drei Markenpokale: Die flinken Nissan Micra (11 Teams) sind ebenso in Neuruppin bekannt wie die Zweitakt-Trabant (20 Teams) mit dem Lokalmatador und Titelverteidiger Jan Gantikow (Linow) an der Spitze, neu sind die langen und st\u00e4ndig quer fahrenden Volvo 244 (4 Teams) des Volvo-Original-Cups. Neu sind auch die 8 Teams der Fulda-Youngtimer-Trophy, die mit ihren seltenen Fahrzeugen aus den siebziger Jahren, darunter eine Renault Alpine A110, eine Gleichm\u00e4\u00dfigkeitspr\u00fcfung veranstalten.<\/p>\n<p align=\"JUSTIFY\">Fontane-Vorjahressieger Frank Richert wird auch 2002 mit der Startnummer 1 an der Spitze fahren. Nach einem Motorradunfall vor 5 Wochen ist beim Gehen noch auf Kr\u00fccken angewiesen, will aber unbedingt bei seiner Heimveranstaltung (er ist Mitglied der Ruppiner RSG) seinen \u00fcber 300 PS starken Ford Escort Cosworth mit Allradantrieb einsetzen. Zu den h\u00e4rtesten Konkurrenten geh\u00f6rt der vielfache Berliner Meister Egon Reimann mit einem gleichartigen Fahrzeug. Als dritter Favorit gilt der Wittenberger Routinier Wolfgang Meierholz; er startet mit einem Mitsubishi Lancer, der nur unwesentlich weniger Pferdest\u00e4rken unter der Haube hat.<\/p>\n<p align=\"JUSTIFY\">Das Rallyezentrum richtet die Ruppiner Rennsportgemeinschaft wie im Vorjahr im Oberstufen-zentrum Ostprignitz-Ruppin ein an der B 167 zwischen Neuruppin und Alt Ruppin. &#8222;Fahrzeug-abnahme, Start. Ziel, Rallyeleitung und Presseb\u00fcro \u2013 alles haben wir im OSZ untergebracht. Und am Samstagabend wird es eine tolle Rallye-Party und Siegerehrung in der Aula geben,&#8220; verspricht J\u00f6rg Litfin den Fans und Fahrern.<\/p>\n<p align=\"JUSTIFY\">Kompletter Zeitplan und kompletter Starterliste unter <span style=\"text-decoration: underline;\">www.ruppiner-rsg.de<\/span> im Internet. Presse-Infos \u00fcber Alfred Gorny, 0171 \u2013 472 48 32, Fax 030 \u2013 853 23 95.<\/p>\n<p><strong>Volvo Original Cup: Stress, Stress, Stress&#8230;und eine Gesamtbestzeit &#8211; www.rallye-magazin.de<\/strong><\/p>\n<div class=\"news-single-title\">Quelle: <a href=\"http:\/\/www.rallye-magazin.de\/h\/schlagzeilen\/archiv\/d15\/d\/2002\/05\/15\/volvo-original-cup-stress-stress-stressund-eine-gesamtbestzeit\/index.html\" target=\"_blank\">www.rallye-magazin.de<\/a><\/div>\n<div class=\"news-single-subheader\">\n<p>Bei der Fontane-Rallye in Neuruppin gingen erneut die Fahrzeuge des Volvo-Orginal-Cups an den Start. Dabei wurde spektakul\u00e4rer Motorsport geboten. Ein Bericht&#8230;<\/p>\n<\/div>\n<div class=\"news-single-banner\"><\/div>\n<div class=\"news-single-image\">\n<div class=\"news-single-img\">\n<p>&nbsp;<\/p>\n<p class=\"news-single-imgcaption\">:: Volvo Orginal Cup ::<\/p>\n<\/div>\n<\/div>\n<div class=\"news-single-content\">\n<p class=\"bodytext\">In Neuruppin wollten also wenigstens vier Volvos an den Start gehen &#8230; klappte nicht ganz, drei waren es letztlich. Aber im Gegensatz zu Bindlach gingen auch alle drei erst einmal auf die Strecke. Obwohl es f\u00fcr den einen oder anderen bereits vorher schon richtig eng wurde. Beim Team Schott\/Ahnert war mit einmal keine Bremse mehr da und es war nicht mehr viel Zeit bis zum Start. Mit Hilfe des ADAC Junior Cup Teams Prillwitz\/ wurden bis zur letzten Sekunde geschraubt und alles wieder in Ordnung gebracht. Also konnte es los gehen.<\/p>\n<p class=\"bodytext\">Erste WP Rundkurs Neuruppin &#8230; alles Pflasterstra\u00dfe und die Volvos reglementbedingt alle auf Schotterreifen, eine sehr rutschige Angelgenheit. Der Kurs wurde zur Freude der Zuschauer mehr oder weniger von den drei Teams quer absolviert. Da lie\u00df sich Marcel Schott auch nicht davon st\u00f6ren, dass er gleich zu Beginn heftigen Kontakt mit einer Bordsteinkannte hatte und sich in einer Schikane drehte. Kurz beruhigt und geschaut, ob ein anderes Fahrzeug in der N\u00e4he ist und dann ging es weiter, quer nat\u00fcrlich.<\/p>\n<p class=\"bodytext\">Bis zum Regrouping verlief alles soweit glatt. Jochen Walther lag mit seinem 740er erwartungsgem\u00e4\u00df vorn bei den Volvos vorn und k\u00e4mpfte mit in den TopTen der Rallye. Zweiter war zu diesem Zeitpunkt das Team Steffensmeier\/Tittgen und nach einigen kleinen Fehlern und technischen Defekten Dritter das Team Schott\/Ahnert. Nach dem Regrouping \u00e4nderte sich dann so ziemlich alles, zumindest was das Wetter angeht. Aus Sonne wurde Regen, aus Fahrwegen wurden Fahrrinnen. Das kam den Volvos nat\u00fcrlich entgegen, da eben auf Schotterreifen im Gegensatz zu allen anderen im Feld. Und unter diesen Witterungsbedingungen schaffte Jochen Walther eine kleine Sensation, er war Schnellster. Nicht nur bei den Volvos, sondern auch gesamt. Eine weitere &#8222;Sensation&#8220; war das alle drei Autos ins Ziel kamen, denn die kleinen technischen Probleme bei Schott\/Ahnert wurden erwachsen und lie\u00dfen das Fahrzeug rund 18 Minuten auf der sechsten WP parken. Aber irgendwann ging es einfach wieder.<\/p>\n<p class=\"bodytext\">Im Zeil sah es dann so aus, dass die Volvos die Ergebnisliste fast einrahmten. Walther\/Poslednik kamen auf einen sehr guten vierten Gesamtrang, Schott\/Ahnert auf den letzen und Steffensmeier\/Tittgen befanden sich im Mittelfeld.<\/p>\n<p class=\"bodytext\">Der n\u00e4chste Lauf zum VOC findet am 20.07.2002 bei der Ambergau Rallye statt .<\/p>\n<p class=\"bodytext\">[ra]<\/p>\n<\/div>\n<p>&nbsp;<\/p>\n<p>Video<\/p>\n<p>[embedyt] http:\/\/www.youtube.com\/watch?v=Kd6UkXeibpg[\/embedyt]<\/p>\n","protected":false},"excerpt":{"rendered":"<p>&nbsp; Downloads Starterliste 5. ADAC Fontane Rallye 2002 Ergebnisse \u00a0 Ergebnisse (Gesamt) Ergebnisse (Klassen) Ergebnisse (Mannschaft) Zeitplan Ausschreibung Programmheft Video &nbsp; Ehrentafel ( Sieger 2002 ) 1. Wolgang Meierholz \/ Uwe Lehmann &#8211; Mitsubishi 2. Dirk Richter \/ Daniel Tietze &#8211; Ford 3. Ralf Reimann \/ Steve Herrmann &#8211; Subaru \u00a0\u00a0\u00a0\u00a0\u00a0 \u00a0 Fontane-Sieg f\u00fcr Wolfgang &hellip; <\/p>\n<p><a class=\"more-link btn\" href=\"http:\/\/www.ruppiner-rsg.de\/?page_id=191\">Weiterlesen<\/a><\/p>\n","protected":false},"author":1,"featured_media":0,"parent":0,"menu_order":0,"comment_status":"closed","ping_status":"closed","template":"","meta":{"footnotes":""},"_links":{"self":[{"href":"http:\/\/www.ruppiner-rsg.de\/index.php?rest_route=\/wp\/v2\/pages\/191"}],"collection":[{"href":"http:\/\/www.ruppiner-rsg.de\/index.php?rest_route=\/wp\/v2\/pages"}],"about":[{"href":"http:\/\/www.ruppiner-rsg.de\/index.php?rest_route=\/wp\/v2\/types\/page"}],"author":[{"embeddable":true,"href":"http:\/\/www.ruppiner-rsg.de\/index.php?rest_route=\/wp\/v2\/users\/1"}],"replies":[{"embeddable":true,"href":"http:\/\/www.ruppiner-rsg.de\/index.php?rest_route=%2Fwp%2Fv2%2Fcomments&post=191"}],"version-history":[{"count":5,"href":"http:\/\/www.ruppiner-rsg.de\/index.php?rest_route=\/wp\/v2\/pages\/191\/revisions"}],"predecessor-version":[{"id":582,"href":"http:\/\/www.ruppiner-rsg.de\/index.php?rest_route=\/wp\/v2\/pages\/191\/revisions\/582"}],"wp:attachment":[{"href":"http:\/\/www.ruppiner-rsg.de\/index.php?rest_route=%2Fwp%2Fv2%2Fmedia&parent=191"}],"curies":[{"name":"wp","href":"https:\/\/api.w.org\/{rel}","templated":true}]}}